d by 1165.
64
Calculate the remainder when 1014 is divided by 50.
14
What is the remainder when 12063 is divided by 246?
9
Calculate the remainder when 3670 is divided by 2202.
1468
What is the remainder when 57570 is divided by 19190?
0
Calculate the remainder when 26537 is divided by 248.
1
Calculate the remainder when 370901 is divided by 1520.
21
Calculate the remainder when 751 is divided by 729.
22
What is the remainder when 10945 is divided by 26?
25
What is the remainder when 13881 is divided by 3453?
69
Calculate the remainder when 8285 is divided by 2747.
44
What is the remainder when 3361 is divided by 835?
21
What is the remainder when 6355 is divided by 118?
101
Calculate the remainder when 1818167 is divided by 132.
131
Calculate the remainder when 89239 is divided by 93.
52
What is the remainder when 31232 is divided by 57?
53
What is the remainder when 90194 is divided by 40?
34
Calculate the remainder when 47183 is divided by 664.
39
What is the remainder when 16365 is divided by 910?
895
What is the remainder when 98649 is divided by 1134?
1125
Calculate the remainder when 12384 is divided by 98.
36
Calculate the remainder when 31298 is divided by 25.
23
What is the remainder when 8829 is divided by 121?
117
Calculate the remainder when 392 is divided by 16.
8
Calculate the remainder when 139688 is divided by 46553.
29
Calculate the remainder when 13161 is divided by 365.
21
What is the remainder when 35432 is divided by 7072?
72
Calculate the remainder when 17697 is divided by 45.
12
What is the remainder when 952 is divided by 426?
100
Calculate the remainder when 385 is divided by 185.
15
Calculate the remainder when 32701 is divided by 197.
196
Calculate the remainder when 4022 is divided by 58.
20
Calculate the remainder when 7179 is divided by 7.
4
What is the remainder when 2719 is divided by 643?
147
What is the remainder when 1576849 is divided by 18?
13
Calculate the remainder when 9979 is divided by 97.
85
Calculate the remainder when 50970 is divided by 16982.
24
What is the remainder when 729 is divided by 134?
59
Calculate the remainder when 16714 is divided by 940.
734
Calculate the remainder when 87745 is divided by 117.
112
What is the remainder when 1978 is divided by 35?
18
Calculate the remainder when 8671 is divided by 433.
11
Calculate the remainder when 30467 is divided by 5054.
143
Calculate the remainder when 744 is divided by 360.
24
What is the remainder when 7365 is divided by 210?
15
Calculate the remainder when 6629 is divided by 147.
14
Calculate the remainder when 28097 is divided by 2975.
1322
What is the remainder when 579 is divided by 399?
180
Calculate the remainder when 364050 is divided by 91010.
10
Calculate the remainder when 10487 is divided by 76.
75
What is the remainder when 147858 is divided by 732?
726
Calculate the remainder when 29288 is divided by 458.
434
What is the remainder when 13656 is divided by 718?
14
What is the remainder when 274480 is divided by 18?
16
What is the remainder when 28724 is divided by 22?
14
What is the remainder when 3281 is divided by 2714?
567
Calculate the remainder when 203172 is divided by 175.
172
What is the remainder when 8088 is divided by 897?
15
Calculate the remainder when 1664265 is divided by 118.
111
What is the remainder when 54797 is divided by 106?
101
Calculate the remainder when 23494 is divided by 23395.
99
What is the remainder when 70537 is divided by 5878?
1
What is the remainder when 388649 is divided by 292?
289
What is the remainder when 739 is divided by 259?
221
Calculate the remainder when 2520 is divided by 283.
256
What is the remainder when 16581 is divided by 5188?
1017
Calculate the remainder when 670 is divided by 226.
218
What is the remainder when 1732 is divided by 841?
50
What is the remainder when 7512 is divided by 179?
173
What is the remainder when 20273 is divided by 60?
53
What is the remainder when 22288 is divided by 1311?
1
Calculate the remainder when 3115 is divided by 240.
235
What is the remainder when 21412 is divided by 39?
1
What is the remainder when 9840 is divided by 985?
975
What is the remainder when 15755 is divided by 2240?
75
Calculate the remainder when 1261364 is divided by 17.
15
What is the remainder when 2898762 is divided by 9?
6
Calculate the remainder when 90157 is divided by 784.
781
Calculate the remainder when 11160 is divided by 85.
25
What is the remainder when 390956 is divided by 97734?
20
Calculate the remainder when 8945 is divided by 6802.
2143
What is the remainder when 3549 is divided by 35?
14
What is the remainder when 259621 is divided by 117?
115
What is the remainder when 12424 is divided by 27?
4
What is the remainder when 1074801 is divided by 1129?
1122
What is the remainder when 6916 is divided by 2298?
22
Calculate the remainder when 478 is divided by 379.
99
What is the remainder when 15776 is divided by 39?
20
Calculate the remainder when 14995 is divided by 81.
10
What is the remainder when 2440 is divided by 263?
73
Calculate the remainder when 13515 is divided by 45.
15
Calculate the remainder when 382 is divided by 122.
16
What is the remainder when 26045 is divided by 6497?
57
What is the remainder when 292825 is divided by 121?
5
What is the remainder when 196505 is divided by 296?
257
Calculate the remainder when 872 is divided by 415.
42
What is the remainder when 76332 is divided by 9?
3
What is the remainder when 436292 is divided by 7654?
14
What is the remainder when 2273 is divided by 282?
17
Calculate the remainder when 22733 is divided by 31.
10
Calculate the remainder when 3757 is divided by 297.
193
What is the remainder when 781 is divided by 728?
53
What is the remainder when 706057 is divided by 430?
427
Calculate the remainder when 49539 is divided by 16491.
66
What is the remainder when 7157 is divided by 1381?
252
Calculate the remainder when 24802 is divided by 1553.
1507
What is the remainder when 3197 is divided by 270?
227
What is the remainder when 8740 is divided by 48?
4
What is the remainder when 15083 is divided by 55?
13
Calculate the remainder when 5490675 is divided by 323.
321
What is the remainder when 31447 is divided by 6289?
2
Calculate the remainder when 22732 is divided by 127.
126
What is the remainder when 119095 is divided by 7442?
23
Calculate the remainder when 180602 is divided by 4.
2
What is the remainder when 455419 is divided by 256?
251
Calculate the remainder when 65609 is divided by 1369.
1266
What is the remainder when 322967 is divided by 88?
7
Calculate the remainder when 24434 is divided by 8127.
53
What is the remainder when 200109 is divided by 528?
525
What is the remainder when 40608 is divided by 90?
18
Calculate the remainder when 122735 is divided by 68.
63
Calculate the remainder when 3202 is divided by 483.
304
Calculate the remainder when 9288 is divided by 3086.
30
Calculate the remainder when 335 is divided by 140.
55
Calculate the remainder when 9885 is divided by 95.
5
What is the remainder when 9460 is divided by 2553?
1801
Calculate the remainder when 139933 is divided by 46644.
1
Calculate the remainder when 119366 is divided by 47.
33
What is the remainder when 88864 is divided by 10?
4
Calculate the remainder when 4528 is divided by 304.
272
What is the remainder when 1061 is divided by 28?
25
What is the remainder when 2266 is divided by 1105?
56
What is the remainder when 13601 is divided by 349?
339
Calculate the remainder when 37943 is divided by 91.
87
What is the remainder when 408896 is divided by 87?
83
Calculate the remainder when 56789 is divided by 403.
369
What is the remainder when 34019 is divided by 11328?
35
What is the remainder when 30101 is divided by 304?
5
Calculate the remainder when 79966 is divided by 102.
100
Calculate the remainder when 85656 is divided by 83.
0
Calculate the remainder when 630845 is divided by 18.
17
Calculate the remainder when 90738 is divided by 20.
18
Calculate the remainder when 503 is divided by 6.
5
What is the remainder when 92332 is divided by 169?
58
Calculate the remainder when 25432 is divided by 567.
484
What is the remainder when 13161 is divided by 4382?
15
Calculate the remainder when 2603 is divided by 147.
104
Wha